hat is the tens digit of q?
2
Let d(l) = -l**3 + 10*l**2 - 5*l + 8. Suppose 0*s + 36 = 4*s. What is the tens digit of d(s)?
4
Let f = 1 + 1. Let g be (-2)/((-1)/(45/f)). Suppose 7*h = 2*h + g. What is the units digit of h?
9
Let j = 88 + -33. What is the units digit of j?
5
Let r(m) = -15*m**3 + m**2 + 2*m + 1. Let q be 8/(-12)*(-3)/(-2). What is the units digit of r(q)?
5
Suppose -f = 1, -2*f = -9*y + 4*y + 327. Let w = -19 + y. What is the tens digit of w?
4
Let q(p) be the third derivative of -p**5/60 + 5*p**4/8 - 2*p**3 - 3*p**2. Let u be q(11). Suppose 4*g - 2*g = u. What is the tens digit of g?
1
Let y(r) = r**3 + 5*r**2 + 2*r - 4. Suppose -3 = -3*g + 6. Suppose u = 6*u + 20, -5*c = -g*u + 8. What is the units digit of y(c)?
4
Let g = -45 + 20. What is the units digit of g/(-3)*(0 + 3)?
5
Suppose -3*u = -2*u. Suppose u = q - 2*q + 3. Suppose 0 = g + q*y - 19, 4*y - 21 = -2*g + 7. What is the units digit of g?
4
Let h(p) = -8*p**2 - 1. Suppose 0 = -g - 3*g + 4. Let t be h(g). Let w = 15 + t. What is the units digit of w?
6
Suppose 5*b - 4*b - 2 = 0. Let v be (0*2/(-4))/b. Suppose 0 = -k - v*k - 1, 5*a + 2*k = 33. What is the units digit of a?
7
Let s be (-4)/3*(-12)/8. Suppose 0 = a + s. What is the units digit of (6 + -2)/(a/(-6))?
2
Suppose 0 = -2*p + 14 - 4. Suppose -f - f - 3 = l, p*l = -f + 21. Let h = l + -2. What is the units digit of h?
3
Let t(h) = h - 6. Let u be t(6). Suppose u = -4*w - 35 - 1. Let s = w + 13. What is the units digit of s?
4
Suppose -3*s = 5*f - 668, -3*f - f - 438 = -2*s. What is the tens digit of s?
2
Let p(t) = -t**2 - 5*t + 4. Let n = -2 - -7. Let z = 0 - n. What is the units digit of p(z)?
4
Let v = -156 - -298. What is the units digit of v?
2
Suppose y - 74 = -0*y + 4*s, 4*s + 290 = 5*y. What is the units digit of y?
4
Let d(h) = 5*h + 11. Let n(v) = 11*v + 22. Let j(m) = -5*d(m) + 2*n(m). What is the units digit of j(-9)?
6
Let b = 8 - 2. Suppose 2*h - b = 2. What is the units digit of h?
4
Let m be (1 - 7)*(-1)/2. Let b(v) = 2*v**3 - 3*v**2 - 2*v - 1. What is the tens digit of b(m)?
2
Suppose 4*x - 15 = x. Suppose -144 = x*s - 2*s. Let h = -34 - s. What is the tens digit of h?
1
Let h = 13 - -39. What is the tens digit of h?
5
Let w(s) = 2*s**2 + 4*s - 10. Let p be w(-6). Let q = p + -5. What is the tens digit of q?
3
Suppose -2*f + f = -1. What is the units digit of f?
1
Suppose -4*d - 4*t + 450 + 78 = 0, 3*d = 4*t + 417. What is the hundreds digit of d?
1
Let k = 7 + -4. Suppose 4*t - 10 = -3*r + 8*t, -k*r + 11 = -5*t. Suppose -h + r*s = -14, -h - 5*s + 5 = 12. What is the units digit of h?
8
Let m be 55/7 + 4/28. What is the units digit of (-2)/4 - (-12)/m?
1
Let n(x) = x**2 - 5*x - 6. Let g(t) = -1. Let q(l) = -4*g(l) + n(l). What is the tens digit of q(7)?
1
Suppose -30 = -3*p + 2*l, -30 = -2*p - p + 5*l. What is the units digit of p?
0
Let s = -2 - -5. Suppose -93 = -s*z - 4*q, -4*z - 2*q + 4*q + 146 = 0. What is the tens digit of z?
3
Let b(j) = -j**2 + j. Let u be b(3). Let r(m) = m**2 + 4*m. Let h be r(-3). What is the units digit of 5/h*u/2?
5
Suppose 11 - 61 = 5*u. What is the tens digit of 4/u - 432/(-30)?
1
Let t(p) = -6*p**2 + 3*p - 4. Let j(r) = 7*r**2 - 4*r + 5. Let x(w) = -5*j(w) - 6*t(w). What is the units digit of x(-3)?
2
Suppose -6*f + 21 = -5*f. What is the units digit of (-15)/(-2)*70/f?
5
Let m = 15 + -13. Let d be ((-4)/(-6))/(2/15). Suppose m*r + 5*c - d = 2*c, -4*r + 2*c + 34 = 0. What is the units digit of r?
7
What is the units digit of (2/(-5))/((-1)/55)?
2
Let s = 32 + 12. What is the units digit of s?
4
Let m(p) = 17*p + 1. Suppose 0 = -4*x + 1 - 5, -2*j - 2*x + 2 = 0. Suppose 0 = 4*y - t - j - 5, -8 = -2*y + 2*t. What is the tens digit of m(y)?
1
Suppose 98 = -3*j + 5*j. What is the tens digit of j?
4
Let n(m) = -m**2 - m. Let i be n(0). Suppose -4*c + i = -a - 3, -4*a - 26 = -2*c. What is the units digit of (-27)/(-21) - (-2)/a?
1
Let d(r) = -21*r - 3. What is the tens digit of d(-2)?
3
Suppose -y = -1, -2*a + 3*y + y = -450. What is the hundreds digit of a?
2
Suppose 3*h + 5 + 4 = 0. Let w(n) = n**3 + 3*n**2 - 3*n + 1. What is the tens digit of w(h)?
1
Let h(m) be the first derivative of 4*m**2 - m + 9. What is the units digit of h(5)?
9
Suppose 4*l + 51 = 175. Suppose -3*i = -3*u + 33, u + 3*i - l = -i. Let t = u - 6. What is the units digit of t?
9
What is the tens digit of -12 + 10 + (-76)/(-2)?
3
Suppose 0 = 2*g + 19 - 7. Let p be -2*(-21)/g - -2. Let a(j) = -2*j + 6. What is the units digit of a(p)?
6
Let s = 18 - 22. Let u be (2/(-6))/((-2)/12). What is the units digit of u/s + (-34)/(-4)?
8
Let o be 3 - 1/((-2)/4). Suppose 19 = -4*h + o*h. What is the units digit of h?
9
Let o = -2 - -5. Suppose -5*u + 12 = -h, -o*h + u + 25 = 5. Let l = h + 0. What is the units digit of l?
8
What is the units digit of -2*(-3 + (-3)/(-2))?
3
Let q(p) = 2*p - 2 + 3 + 1. Let a be q(2). Let v(z) = z**2 - 5*z - 3. What is the units digit of v(a)?
3
Suppose 2*a + 6 = 0, -5*d + 171 = -2*d - 4*a. What is the units digit of d?
3
Let d = 6 + -4. Suppose z - d*z = -2. Suppose 30 = o + z*o. What is the units digit of o?
0
Suppose 25 = -5*m - 5*f, -2*m - 3*m - 19 = 3*f. Let u = 5 + m. What is the units digit of u?
3
What is the tens digit of (3/(12/50))/((-12)/(-96))?
0
Let p(l) = -l**3 - 5*l**2 + 3*l + 2. Let g be p(-5). Let w = g - -27. What is the tens digit of w?
1
Let b be 2/(-3)*(-60)/2. Let j = b - 6. What is the units digit of j?
4
Suppose c + 4*p - 15 = 0, 27 = 3*c + c + 5*p. Let s = c - 2. Let f = 0 + s. What is the units digit of f?
1
Let j(v) = -v**3 - 8*v**2 + 9*v + 3. Let g be j(-9). What is the units digit of 0*g/12 - -47?
7
Suppose 3*c = 2*s + s + 15, -3*c - 3*s + 9 = 0. Suppose p = c*p - 39. What is the tens digit of p?
1
Let o be (2/5)/(2/10). Suppose v + 40 = 6*v. Suppose 5*l - 29 = -2*n, n + v = o*l + 3*n. What is the units digit of l?
7
Let v(q) = -34*q**3 - 2*q**2 - 2*q - 1. What is the units digit of v(-1)?
3
Let p(o) = 6*o. Let b = 4 - 0. Suppose -q = b*q - 5. What is the units digit of p(q)?
6
Suppose 3*z - 3*a - 26 = -a, 4*z = 5*a + 44. Let d = z - 4. What is the units digit of d?
2
Suppose 181 = 2*t - 5*y, 5*t - 616 = -3*y - 210. What is the tens digit of t?
8
Suppose -r = -2 - 0. Suppose -22 = -2*w - r. What is the tens digit of w?
1
Suppose 2*l - w = -4*w + 173, -l = 2*w - 88. Suppose -5*g = -113 - l. What is the units digit of g?
9
Let k be 2/11 - 519/11. What is the units digit of 0*2/6 - k?
7
Suppose 2*n = n - 4. What is the tens digit of n/(-22) + 753/33?
2
Suppose r = x - r + 7, 2*r - 37 = 3*x. What is the tens digit of (48/15)/((-3)/x)?
1
Let v(h) = h**2 - 9*h + 2. Suppose -2*a = -4*j - 8, 2 = 3*a - j - 5. Let o = 11 - a. What is the units digit of v(o)?
2
Suppose 0 = -t - 0*t - 3, -4*h + 2*t + 58 = 0. What is the tens digit of h?
1
Let z(r) = 3*r. Let m be z(1). Suppose -5*d = -4*p - 80, m*p = -3*d + 76 - 1. What is the units digit of d?
0
Let h(l) be the first derivative of -l**4/4 - 10*l**3/3 - 11*l**2/2 - 8*l + 1. What is the units digit of h(-9)?
0
Let s(u) = -u**3 - 5*u**2 + 8*u - 24. What is the units digit of s(-8)?
4
Suppose 2*a = a. Suppose -8 = 2*z, 3*u - 3*z - 4 - 14 = a. What is the units digit of u?
2
Let x(p) = 2*p**2 + 89. What is the tens digit of x(0)?
8
Suppose -r + 44 = -2*g + 7*g, -g - 2*r + 16 = 0. Let b = g - 7. What is the units digit of b?
1
Suppose 4*m = -2*q - 2, m + 3 = -2*m. Suppose 33 = 3*r - 3*n, 4*r = 3*r - 3*n - q. Let p = r - -1. What is the units digit of p?
9
Suppose -y + 1584 = 10*y. What is the tens digit of y?
4
Suppose -4*j + 0*j = 12. Suppose -4*q - 12 = 2*n, 5 = -5*q - 5*n - 20. Let v = q - j. What is the units digit of v?
2
Let n(d) = d**3 + 8*d**2 + 6*d - 8. What is the units digit of n(-6)?
8
What is the tens digit of -3*1*822/(-18)?
3
Let u(a) = 5*a**2 - 3*a - 7. Let z(o) = o**2 - 1. Let j(n) = -u(n) + 4*z(n). Suppose 4*y = 3*r, -r - 11 = -y - 3*r. What is the units digit of j(y)?
3
Suppose -4*u + 2*u = -10, -3*u = -3*q - 6. Suppose q*r - 75 = 3*x, -50 - 26 = -4*r - 2*x. What is the tens digit of r?
2
Let x = 12 + 22. What is the tens digit of x?
3
Let z = 29 - 58. Let h = 44 + z. What is the units digit of h?
5
Suppose 4*p + 3*x = -x + 56, 1 = -x. Let f = p - 10. Suppose -f*l + 28 = -2*i, 0 = 4*l + i + 3*